= s + 26. What is the highest common divisor of f and 36?
12
Let q = 79 + -9. Suppose 2*c = -2*c + 4. Let v(m) = 8*m**2 + 3*m - 1. Let g be v(c). Calculate the highest common divisor of q and g.
10
Let r be 8758/10 + 164/(-205). Calculate the greatest common divisor of 7 and r.
7
Let x = -54 - -37. Let j = -12 - x. Suppose 21 - 661 = -j*b. What is the highest common factor of b and 16?
16
Let p(r) = r**3 + r**2 + 21. Let z be p(0). Let w = z - -7. What is the greatest common factor of w and 308?
28
Suppose u - 3 = 0, -2*a + 7*a - 158 = 4*u. Suppose 4 - a = -5*c. Let h(b) = 3*b**2 - 6*b - 6. Let m be h(6). Calculate the highest common factor of c and m.
6
Let d(w) = 8*w + 2. Let s be d(1). Suppose -2*p + 58 = 4*a - 50, -5*a - 240 = -5*p. Calculate the greatest common divisor of s and p.
10
Let k(t) = 35 + 9 + 0*t - t. Let j be -2*(-3)/3 + -2. Let i be k(j). Calculate the highest common divisor of 110 and i.
22
Suppose -7*a + 12*a = 75. Let y be (-9 - -4)*(-12)/a. Suppose 3*f = w - 36, w + y*f - 6 - 2 = 0. What is the greatest common divisor of 60 and w?
12
Let h = 362 + -347. Let u(n) = -n**3 - 6*n**2 - 6*n - 7. Let b be u(-5). Let k be (210/(-9))/(b/9). What is the highest common divisor of k and h?
15
Let r(k) = k**3 + 6*k**2 + 5*k + 6. Let b be r(-4). Suppose -b = -4*f + f. Let c = f - 2. What is the highest common factor of 12 and c?
4
Suppose -11*o + 6*o = 15. Let n be ((-22)/(-33))/((-1)/o). Let x be -1 + 0 + 10 + n. What is the highest common divisor of 22 and x?
11
Suppose 5*q + 114 = 11*q. Calculate the highest common factor of q and 2.
1
Let t(z) = z**3 - 8*z**2 - 21*z + 13. Let n be t(10). Let q be 256/16 + (n - -1). Calculate the greatest common divisor of q and 100.
20
Let j be ((-909)/(-18))/(1/(0 + 2)). Calculate the greatest common factor of j and 2525.
101
Suppose 0 = -2*r - 4, -4*j = -3*r + 309 - 891. Let p be 12/(-18)*(-3)/(-1). Let k be 213/6 + p/(-4). What is the highest common factor of j and k?
36
Let m(w) = 4*w - 7. Let g be m(5). Let y = -7033 - -7059. Calculate the greatest common factor of g and y.
13
Let t = 2 - -13. Calculate the greatest common divisor of 30 and t.
15
Suppose q - 2*a + 3 = -3*a, -a = -4*q - 22. Suppose 0*c = c - 11. Let p = c + q. What is the highest common divisor of p and 15?
3
Let t be 16/(-48)*(-4 + -83). What is the greatest common divisor of t and 145?
29
Let z(b) = -37*b + 14. Let y be z(-4). Suppose -6*j + 8*j - y = 0. Suppose 4*o = 0, 0 = 5*x - 3*o + 4*o - 45. Calculate the greatest common divisor of x and j.
9
Let m(d) = -d**3 - 3*d**2 - d - 2. Let r be m(-4). Suppose 2*g - 396 - r = 0. Calculate the greatest common factor of g and 23.
23
Let s be (-2)/(12/38)*(1 + 2). Let c = 24 + s. What is the highest common factor of c and 20?
5
Let j = 467 - 246. Calculate the greatest common factor of 104 and j.
13
Let a be 2/26 - 59668/(-364). What is the greatest common factor of 123 and a?
41
Let h be 14/5 + (-7)/(-35). Suppose -5*g = -h*g. Suppose -8*c + 3*c + 450 = g. Calculate the greatest common factor of 18 and c.
18
Suppose -766 = 14*x - 822. Calculate the highest common divisor of x and 100.
4
Suppose -4836 = -19*v + 6868. Calculate the highest common divisor of 56 and v.
56
Let z(f) = f**3 - 9*f**2 + f - 6. Let i be z(9). Suppose -i = -2*k + 9. Suppose 0 = -4*p + 34 + k. Calculate the highest common factor of 70 and p.
10
Let n(f) be the first derivative of 28 - 26 - 5*f - 4*f**2 + 3*f**2. Let y be n(-4). What is the highest common divisor of y and 2?
1
Let a be (9/(135/6))/(3/1860). Calculate the highest common divisor of a and 279.
31
Let k(z) = z**3 - 6*z**2 - 13*z + 98. Let b be k(9). Calculate the highest common factor of 168 and b.
56
Let r be 2/12 - (-1384)/48. Let j = 425 + 2129. Let c be (-7)/28 + j/8. What is the highest common divisor of r and c?
29
Suppose -138 = -3*y - 9*z, -2*y + 76 = -32*z + 34*z. Suppose 5*d - 44 = -2*n, -14 - 58 = -4*n - 2*d. Calculate the greatest common factor of n and y.
17
Suppose 20*k - 713 = -113. Calculate the greatest common factor of 670 and k.
10
Suppose 5*x - 10 = 5. Suppose x*o = -0 + 12. Let p be 99 + o/(-4) - -1. Calculate the greatest common divisor of p and 11.
11
Let t(h) = h**2 - 11*h - 25. Let k be t(11). Let x = 13 - k. Calculate the highest common divisor of 57 and x.
19
Let g = -74 + 78. Calculate the greatest common divisor of g and 76.
4
Suppose 6*i + 3 = 39. Suppose -g - i = -30. What is the greatest common factor of g and 48?
24
Let c(f) = f**2 - 10*f + 12. Let l be c(10). Suppose -n - 4*n = -s - 13, -n + 4 = 0. Suppose -540 = -s*o + 2*o. Calculate the highest common divisor of o and l.
12
Suppose 108 = -9*y + 18*y. Let l be ((-27)/(-3))/(3/20). Calculate the greatest common factor of l and y.
12
Suppose -2*n = -6*n + 8, 3*n + 50 = 2*l. What is the greatest common factor of 252 and l?
28
Suppose 8*w = -39 + 999. Suppose t - 2*v - 27 = 0, 2*t = -3*t + 5*v + w. What is the highest common divisor of 7 and t?
7
Let f be (17 + 13)/((-9)/(-6)). Calculate the greatest common factor of f and 90.
10
Suppose 15*m = 11*m + 4. Suppose -2*b + 2*k = -14, k = 2*k + 3. Suppose 4*r + l = -0*l + b, -r = 4*l + 14. Calculate the highest common factor of r and m.
1
Let s(v) = -2*v**2 - 4*v + 12. Let n be s(-4). Suppose o - 16 = -o - 2*d, -2*o + 14 = 4*d. Let b = n + o. What is the greatest common divisor of b and 55?
5
Let t = -2357 - -2805. What is the greatest common factor of t and 336?
112
Let u be (-2 - -1*2/2)*0. Suppose 6*g + 21 - 57 = u. What is the highest common factor of 30 and g?
6
Let n(v) be the second derivative of v**5/20 - v**4/6 + 7*v**3/6 - 3*v**2 + 14*v. Let c be n(5). What is the greatest common divisor of c and 13?
13
Let k be (-651*1)/(64 - 65). Calculate the highest common divisor of 21 and k.
21
Let q be (-480)/12*44/(-10). Suppose 0 = 4*b - 8*b + q. Calculate the greatest common factor of 4 and b.
4
Let k be 176/(-88)*((-87)/(-6) + -2). Suppose -6*x = -3*x + d - 99, -4*d = 2*x - 66. Let b = k + x. What is the highest common factor of 12 and b?
4
Let b = -88 + -57. Let k = -84 - b. Calculate the greatest common divisor of 427 and k.
61
Let y be (-1)/(1 - (-7)/(-6)). Suppose -5*a + z = -93, 0 = -5*a - 5*z + z + 78. Suppose 14*f = 15*f - a. Calculate the highest common factor of y and f.
6
Let v be (6/(-2))/((-69)/(-92)). Let h be (0 - 1)/(v/8). Suppose -h*y + 4*d + 36 = 0, -2*y + 3*d = -0*y - 35. Calculate the highest common divisor of y and 80.
16
Let h = 1 - 4. Let p be (h/2)/((-3)/(-16)). Let j be (-1170)/(-24) - 2/p. What is the highest common divisor of j and 7?
7
Suppose -k + 210 = k. Suppose -10*y = -7*y + 3. Let l be (-2)/(-4)*1*(29 - y). What is the highest common divisor of k and l?
15
Let o(y) = y**2 - 10*y + 33. Let u be 2/8 - (-236)/16. Let q be o(u). Calculate the greatest common factor of 72 and q.
36
Suppose 68680 = 10*h + 30*h. Calculate the highest common factor of 17 and h.
17
Suppose -2*y + 11 = -187. Suppose -5*o + 52 + 3 = 0. Calculate the greatest common factor of y and o.
11
Suppose -5477*h + 5482*h = 2345. What is the greatest common divisor of h and 21?
7
Suppose -2*d = -p - 1591, -5*d + 1611 = -3*d + 3*p. Calculate the highest common divisor of d and 42.
42
Suppose 10*y + 64 = 26*y. What is the greatest common factor of 20 and y?
4
Suppose -2*j = -0*j - 2*i - 22, 0 = i + 1. Suppose -10*s - j = -11*s. Calculate the greatest common divisor of s and 25.
5
Let j(w) = -20 - 15*w**2 + w**2 + 13*w**2 + 13*w. Let l be j(9). Calculate the greatest common factor of 20 and l.
4
Suppose -3*k = l - 11, 4*k - 4 - 3 = -l. Suppose y = -3*y - 5*o + 271, -143 = -2*y + 5*o. What is the greatest common divisor of l and y?
23
Let w be (-4)/2*10/(-4). Suppose w*n = -5*g + 185, -182 = -2*n - 3*n - 4*g. Let s = n + -33. Calculate the greatest common factor of 6 and s.
1
Let r be 630/(-198) - (-4)/22. Let h be -1*(-4 + 5)*r. Calculate the highest common divisor of h and 1.
1
Suppose -t = 5*k - 5, -323*t - 3*k + 88 = -319*t. Calculate the greatest common factor of 725 and t.
25
Suppose 5*q = 2*y + 6492, q - 130 = -3*y + 1165. What is the greatest common divisor of q and 118?
118
Let p(l) = 35*l - 344. Let b be p(10). Suppose 14 = 2*m + o - 3*o, 3*m - 41 = -o. Calculate the greatest common divisor of m and b.
6
Suppose 0 